. Let s(t) = 9*t + 15. Let x(z) = -13*a(z) + 6*s(z). Let b be x(-2). Let i(o) = -o - 1. Determine i(b).
4
Let t(w) = -26*w + 49. Let s be t(2). Let z be s - (4 + -4 + 5 + -4). Let u(o) = o**2 + 3*o. Give u(z).
4
Let s(x) = -x**2 - x + 1. Let y(v) = -6*v**2 + 2*v + 10. Let d(q) = -7*q**2 + q + 9. Let u(f) = 5*d(f) - 4*y(f). Let n(r) = 4*s(r) - u(r). Determine n(-1).
7
Let u(x) = -x**3 - 8*x**2 - x. Let t(p) = -2*p**3 - 9*p**2 - 8. Let r(f) = 2*t(f) - 3*u(f). Calculate r(5).
24
Let p(y) = -y**3 - y**2 + y + 2. Let t be p(0). Suppose -4*x - t = -46. Let h(i) = -x*i - 8*i + 17*i + 4 - 3. What is h(2)?
-3
Let l be (40/24 + 0)*12/10. Let s(u) = -l*u + 1 + 0*u - 2*u + 6*u. Calculate s(4).
9
Let c(i) = 2*i**2 + 8*i - 5. Let m be (-5 - -1)*2407/58. Let w = m - -162. Calculate c(w).
-5
Let v(c) = 1520*c + 676. Let p(d) = 276*d + 135. Let f(q) = 11*p(q) - 2*v(q). Calculate f(33).
1
Let g be (3 - 1)/(2/6). Let x(l) be the third derivative of 61*l**2 + 3/8*l**4 + 0 - 2/3*l**3 + 0*l - 1/60*l**5. Give x(g).
14
Let f = -2 + 2. Suppose 0*u - u - r + 3 = f, 12 = 2*u + 5*r. Let c be u*4*4/(-8). Let l(w) = -2*w - 2. What is l(c)?
2
Let o(i) = -i - 4. Let q be o(-7). Let h be ((-3)/(-6))/((-4)/(-8))*0. Let t(b) = -b**q - 4 - 3*b + 2*b**2 + 6*b + h*b**3. Give t(3).
-4
Let r(y) = -y**2 - 3*y + 3. Suppose 0 = c + 18 + 2. Let s = c + 36. Suppose 11*q = s*q + 25. Calculate r(q).
-7
Let h(p) = -27*p - 36. Let x = 2943 - 2945. What is h(x)?
18
Suppose 32 = -3*i + 7*i. Let r(k) = -1 + 0*k**2 + k**2 + i*k + 0*k**2. Suppose 4*p - 8*j = -132, p - 2178 + 2172 = -j. Calculate r(p).
-8
Let g(f) be the second derivative of f**4/24 - f**3/3 + f**2/2 - 4*f - 1. Let a(j) be the first derivative of g(j). Determine a(6).
4
Let h(g) be the third derivative of -g**8/6720 + g**7/504 + g**6/240 + g**5/60 + 77*g**4/24 - 2*g**2 - 26. Let d(v) be the second derivative of h(v). Give d(3).
29
Suppose 34*o - 7 = 36*o + 1. Let u(x) = -21*x - 24. What is u(o)?
60
Let i be (-716)/(-12) + (-2)/(-6)*1. Let n be 430/i - 2/12. Let j(f) = -9*f**3 + 18*f**3 - n*f - 10*f**3 + 7*f**2. Determine j(6).
-6
Suppose 150*f - 151*f + 3 = 0. Let p(z) = -35*z + 0*z**2 + 1 - 7*z**2 + z**f + 34*z. Give p(7).
-6
Let d be 7259/(-1220) + 18/3. Let o(f) be the second derivative of -1/6*f**3 - d*f**5 - f**2 + 0 + 5/12*f**4 - 13*f. Calculate o(2).
8
Let o(w) = -w**3 + 19*w**2 - 38*w + 70. Let m be o(17). Let q(x) = -40*x**2 + x + 69*x**2 - 28*x**m - 4. Give q(2).
2
Let d(o) = -o**3 - 7*o**2 - o + 7. Let h(c) = 113*c + 673. Let j be h(-6). What is d(j)?
-38
Let k(j) = j**2 + 6*j + 2. Let h be k(-6). Suppose 0 = 30*g - 29*g - 1075. Let f(q) = -g*q**2 + 1074*q**h - 6 - 12*q + 3*q. Give f(-8).
2
Let r(l) = -l**2 - 7*l - 4. Suppose -5*b + 56 = 16. Let p be b/(5 - 5 - -2). Let h be (-120)/16 - (-10)/p. Calculate r(h).
6
Let q(o) = o + 4. Let j(m) = 3*m - 14 + 30 - 2. Let x(v) = 3*j(v) - 8*q(v). Determine x(-9).
1
Let d(x) = 583*x**3 + 40*x + 34. Let n(f) = 97*f**3 + 7*f + 6. Let z(p) = -4*d(p) + 23*n(p). Give z(-1).
102
Let l(i) be the third derivative of -i**4/24 + 2*i**3/3 + 4*i**2 + 239. Give l(-6).
10
Let q(w) = -w**3 - 17*w**2 - 53*w - 7. Let g be q(-13). Let z(s) = 2*s - 6 + g - s**2 + 4. Determine z(-3).
-11
Suppose 2 = 6*x - 214. Suppose v + 2*v + 64 = -5*j, 0 = 3*j + v + x. Let p(d) = 2*d + 7. Determine p(j).
-15
Suppose 0 = 10*n - 11*n + 2*y - 6, n + 4*y = 30. Let o(k) = -10*k - 10. Calculate o(n).
-70
Let q(a) be the third derivative of a**4/24 + 3*a**2. Let z(l) = l**2 - 7*l - 13. Let w be z(9). Suppose 2*g = 3*t + 12, w*t - 2*g + 15 = -5. What is q(t)?
-4
Suppose 9 = 76*y - 73*y, 5*y = 4*o + 7. Let q(w) = -2*w**2 + 7*w - 16. What is q(o)?
-10
Let p(w) be the second derivative of -w**5/20 + w**3/3 + 7*w**2/2 - 1026*w. Determine p(3).
-14
Let p(k) = 3*k - 84. Let l be 2*((-26)/(-117))/((-1)/(612/(-16))). What is p(l)?
-33
Let l(i) = -926*i**2 + 925*i**2 - 4*i + i**3 - 19 - 17. What is l(0)?
-36
Let l(k) be the third derivative of -k**5/60 - k**4/4 + 5*k**3/6 - 3*k**2 - 3. Let a(s) = -3*s**3 + 40*s**2 - 14*s + 5. Let d be a(13). Determine l(d).
-11
Let u be ((36/32)/(-9) - (-289)/(-408)) + 2. Let q(n) be the third derivative of 0*n + 1/4*n**4 + 0 - 25*n**2 - u*n**3 + 1/60*n**5. Determine q(-7).
0
Let r(i) be the first derivative of i**2 - 6*i + 2/3*i**3 - 75. Determine r(4).
34
Let u(d) be the third derivative of 1/24*d**4 - 1/3*d**3 + 0*d - 9 - 3*d**2. What is u(5)?
3
Let b be 15 + (-18)/(0 + -6). Suppose -b = 5*p + 4*p. Let a(j) = 0 + j**3 + 0 + 2*j - j**2 + 3*j**2. What is a(p)?
-4
Suppose -341*c + 194*c = -1176. Let w(r) = -r**2 + 15*r + 11. Determine w(c).
67
Let c(g) = -4*g**3 + 15*g**2 + 19*g - 10. Let v(z) = -z**3 + z + 2. Let k(x) = c(x) - 3*v(x). Give k(16).
-16
Let l = 66109 - 66099. Let i(j) = -4*j**2 - 17*j + 14. Let b(x) = -x**2 - x. Let o(w) = -5*b(w) + i(w). Determine o(l).
-6
Let w(c) = c**3 + 6*c**2 + 4*c - 9. Let d(o) = 4*o**3 + 18*o**2 + 13*o - 27. Let t = 134 - 127. Let g(h) = t*w(h) - 2*d(h). What is g(6)?
3
Let d(g) = 3*g**3 - 8*g**2 - 15*g + 6. Let z be d(4). Let v(q) = 10*q - 60. What is v(z)?
40
Let h be -11 - (-2)/(-4)*-2. Let b be ((-3)/6 + 0)*h. Let l(i) be the third derivative of i**6/120 - i**5/10 + i**4/4 - i**3/2 - 11918*i**2. Determine l(b).
2
Let f(c) = -c**3 + 5*c**2 - 15*c + 35. Let l be f(4). Let a(d) = 14*d + 126. What is a(l)?
0
Let w(n) be the second derivative of n**5/60 + n**4/6 - 7*n**3/6 - 89*n**2 + 89*n. Let d(r) be the first derivative of w(r). Give d(-4).
-7
Let j = -3996 - -3978. Let g(i) = -i**3 - 21*i**2 - 54*i - 1. Calculate g(j).
-1
Let f(n) = 7*n**2 - 447*n - 66. Let x be f(64). Suppose -4*t = -3*u - 8, 0*u + 4*t = -3*u + 32. Let j(y) = u*y - 5*y - 3 - 5*y. What is j(x)?
9
Let m(q) = -q - 17. Let i(d) = 3*d + 48. Let u = -197 - -205. Let g(b) = u*m(b) + 3*i(b). What is g(-10)?
-2
Let r(q) be the first derivative of q**3/3 + 11*q**2/2 + 27*q - 59. Let v be r(-8). Let k(i) = -i**3 + 3*i**2 + 2*i - 3. Determine k(v).
3
Suppose 0 = 330*f - 67*f. Let h(s) be the second derivative of -1/2*s**2 + 25*s + 0*s**3 + f - 19/12*s**4. What is h(-1)?
-20
Let b(g) = -g**3 - 3*g**2 + 2. Let d = 3148 + -3151. Determine b(d).
2
Let s = 5/678 - -18/113. Let b(h) be the third derivative of 5/8*h**4 - s*h**3 + 0 + 9*h**2 + 0*h. Determine b(-1).
-16
Suppose 4*d = -5*x - 930, 3*d + 15*x + 713 = 19*x. Let m be d/(-30) + 13/78. Let a(i) = -i + 8. Give a(m).
0
Let v(z) = -2*z**3 + 9*z**2 - 10*z - 36. Let f be v(7). Let h = -348 - f. Let q(t) = 2*t + 1. Determine q(h).
7
Let n(g) = 146*g + 28. Let p(l) = 18105*l + 3479. Let o(s) = -497*n(s) + 4*p(s). Determine o(-1).
142
Let d = 30 - 24. Suppose -9*t + 18 = -d*t. Let n be (1 + -1 - -5)*t/5. Let p(i) = -i**3 + 6*i**2 + i - 7. What is p(n)?
-1
Let l be 17*5*(-138)/(-115). Let x(k) = -57 - 53 + k + l. Calculate x(0).
-8
Let p be (450/6)/3 - (1 + -4). Suppose -p*b + 6 = -25*b. Let v(q) = 120*q - 63*q - q**b - 65*q - 5. Calculate v(-7).
2
Suppose 361*d + 1750 - 856 = -1272. Let o(w) = w**3 + 7*w**2 + 5*w + 27. Calculate o(d).
33
Let b(u) = -u**3 - 22*u**2 + 22*u. Suppose 59*r + 1313 + 44 = 0. What is b(r)?
23
Let j = -10 - -5. Let g(t) be the first derivative of -1/2*t**2 + 35 + t. Calculate g(j).
6
Let n(t) = -29*t - 16 + 117*t - 87*t. Calculate n(4).
-12
Let t(z) = z**2 + z + 29. Let b(a) = 2*a**2 - 3*a + 6. Let v be b(4). Let d = -515 - -547. Suppose -d*p = -v*p. What is t(p)?
29
Let f(a) = a**2 - 4*a - 5. Let m be (5/(5/8))/(6/12). Let t = 127 - 123. Suppose 0 = -t*r + p + 24, 4*r - 2*p - p - m = 0. Determine f(r).
16
Suppose -2 = -10*x + 18. Let p be (-3)/75*-5 + (-28)/(-10). Let a(q) = q**3 - 377*q**2 + 2 + 191*q**2 - p*q + 187*q**2. What is a(x)?
8
Let t = -5753 - -5761. Let f(b) = b**3 - 5*b**2 + b + 8. Let q(h) = -2*h**3 + 11*h**2 - 2*h - 16. Let a(y) = 5*f(y) + 3*q(y). Give a(t).
-16
Let m be (-2)/(-6) - 900/675. Let y(a) = 6*a - 4. What is y(m)?
-10
Let g(f) be the second derivative of -f**4/12 + 7*f**3/6 + 7*f**2/2 - 20*f. Suppose 0 = -2*u + 13 - 3. What is g(u)?
17
Let x(j) be the first derivative of j**4/4 - j**3 - 4*j**2 + 11*j + 1108. Determine x(4).
-5
Suppose 49*z + 614 = -660. Let m(q) = -q**3 - 26*q**2 - 17. Determine m(z).
-17
Suppose -47 = 3*i - 74. Let j(a) = 12*a - 7 - 21*a + i*a + a**2 + 9*a. Suppose 4*r = -4*q - 44,